hat is the remainder when 7310363 is divided by 14?
11
Calculate the remainder when 5875861 is divided by 17.
15
Calculate the remainder when 6657613 is divided by 658.
627
What is the remainder when 2517587 is divided by 117?
98
What is the remainder when 18446214 is divided by 413?
395
What is the remainder when 248916 is divided by 71?
61
Calculate the remainder when 46948465 is divided by 6517.
6514
Calculate the remainder when 18025181 is divided by 32.
29
What is the remainder when 68745081 is divided by 6249548?
53
What is the remainder when 1888089 is divided by 629346?
51
What is the remainder when 636028 is divided by 105969?
214
What is the remainder when 116750101 is divided by 3?
1
Calculate the remainder when 185586 is divided by 61720.
426
What is the remainder when 1130869 is divided by 178?
35
What is the remainder when 4498150 is divided by 1499364?
58
Calculate the remainder when 37084 is divided by 12282.
238
Calculate the remainder when 375412 is divided by 1406.
10
Calculate the remainder when 59917293 is divided by 1803.
1800
Calculate the remainder when 216722768 is divided by 152407.
14
Calculate the remainder when 125621 is divided by 124030.
1591
Calculate the remainder when 343425 is divided by 6845.
1175
What is the remainder when 1455208 is divided by 3898?
1254
What is the remainder when 140807 is divided by 62?
5
What is the remainder when 4301250 is divided by 570?
30
Calculate the remainder when 1015305 is divided by 1775.
5
What is the remainder when 2144160 is divided by 2372?
2244
What is the remainder when 126048 is divided by 483?
468
What is the remainder when 350182 is divided by 387?
334
Calculate the remainder when 54616941 is divided by 76.
73
What is the remainder when 2089479 is divided by 1754?
465
Calculate the remainder when 393823 is divided by 1655.
1588
What is the remainder when 33768518 is divided by 1479?
1469
Calculate the remainder when 2469317 is divided by 781.
576
Calculate the remainder when 6515 is divided by 1476.
611
Calculate the remainder when 115963287 is divided by 170.
167
Calculate the remainder when 19119565 is divided by 1229.
12
Calculate the remainder when 34083691 is divided by 8520920.
11
Calculate the remainder when 8142787 is divided by 2035665.
127
What is the remainder when 1284894 is divided by 27338?
8
Calculate the remainder when 11056041 is divided by 72.
9
What is the remainder when 26325475 is divided by 326?
323
Calculate the remainder when 4131553 is divided by 62.
59
What is the remainder when 16646692 is divided by 2080832?
36
What is the remainder when 1317815 is divided by 437541?
5192
Calculate the remainder when 20482 is divided by 3410.
22
Calculate the remainder when 7199772 is divided by 722.
710
Calculate the remainder when 75333 is divided by 7746.
5619
What is the remainder when 1095280 is divided by 273818?
8
What is the remainder when 88442591 is divided by 267?
176
Calculate the remainder when 430661 is divided by 4062.
89
Calculate the remainder when 177837055 is divided by 15.
10
What is the remainder when 4386236 is divided by 576?
572
Calculate the remainder when 1857949 is divided by 2410.
2249
Calculate the remainder when 5248477 is divided by 3765.
67
Calculate the remainder when 3768413 is divided by 4.
1
Calculate the remainder when 200642 is divided by 200640.
2
What is the remainder when 1834604 is divided by 58?
6
What is the remainder when 1085499 is divided by 130?
129
Calculate the remainder when 262045 is divided by 7079.
122
Calculate the remainder when 1995509 is divided by 13.
9
Calculate the remainder when 37232532 is divided by 18.
0
Calculate the remainder when 43965 is divided by 1516.
1
Calculate the remainder when 50002380 is divided by 4510.
10
What is the remainder when 376680 is divided by 2229?
2208
Calculate the remainder when 9267573 is divided by 128.
117
What is the remainder when 67675 is divided by 16612?
1227
What is the remainder when 6087050 is divided by 409?
312
What is the remainder when 6487330 is divided by 149?
19
Calculate the remainder when 279439390 is divided by 47.
44
What is the remainder when 14015 is divided by 13998?
17
What is the remainder when 3341042 is divided by 531?
521
Calculate the remainder when 307912 is divided by 34212.
4
What is the remainder when 46833595 is divided by 104?
3
Calculate the remainder when 549022 is divided by 1342.
144
What is the remainder when 6747 is divided by 2880?
987
What is the remainder when 246700 is divided by 961?
684
What is the remainder when 22933774 is divided by 426?
64
What is the remainder when 2375768 is divided by 166?
142
What is the remainder when 473183 is divided by 260?
243
Calculate the remainder when 7971619 is divided by 21721.
12
What is the remainder when 3173847 is divided by 5334?
117
Calculate the remainder when 81443 is divided by 830.
103
Calculate the remainder when 290930 is divided by 290845.
85
What is the remainder when 1683689 is divided by 15735?
44
Calculate the remainder when 181522 is divided by 45308.
290
Calculate the remainder when 2184287 is divided by 1933.
1930
What is the remainder when 75704 is divided by 5820?
44
Calculate the remainder when 4486199 is divided by 640878.
53
What is the remainder when 2826234 is divided by 2826204?
30
What is the remainder when 5345687 is divided by 5345651?
36
Calculate the remainder when 128754 is divided by 1954.
1744
Calculate the remainder when 292488232 is divided by 115.
107
What is the remainder when 976534 is divided by 7570?
4
Calculate the remainder when 103820468 is divided by 83323.
10
Calculate the remainder when 2752791 is divided by 64018.
17
What is the remainder when 929881 is divided by 11371?
8830
Calculate the remainder when 536765 is divided by 1077.
419
What is the remainder when 82883 is divided by 212?
203
Calculate the remainder when 5213 is divided by 2497.
219
Calculate the remainder when 19793078 is divided by 290.
288
Calculate the remainder when 1042235 is divided by 2220.
1055
What is the remainder when 110815829 is divided by 2177?
2175
Calculate the remainder when 3238537 is divided by 386.
383
What is the remainder when 814520 is divided by 933?
11
Calculate the remainder when 108635398 is divided by 752.
726
What is the remainder when 447918469 is divided by 693?
691
Calculate the remainder when 418025 is divided by 848.
809
What is the remainder when 101125 is divided by 24028?
5013
Calculate the remainder when 4926717 is divided by 1665.
1647
What is the remainder when 3505452 is divided by 1440?
492
What is the remainder when 26551 is divided by 10141?
6269
Calculate the remainder when 884982 is divided by 89.
55
What is the remainder when 6541939 is divided by 7334?
11
What is the remainder when 169489940 is divided by 679?
676
Calculate the remainder when 74696012 is divided by 181301.
0
What is the remainder when 1328596 is divided by 100?
96
What is the remainder when 664779 is divided by 1042?
1025
What is the remainder when 487564 is divided by 1926?
286
What is the remainder when 1379784 is divided by 258?
0
What is the remainder when 166453 is divided by 55293?
574
What is the remainder when 1353576 is divided by 96678?
84
What is the remainder when 764426 is divided by 1009?
613
Calculate the remainder when 182852 is divided by 4142.
604
What is the remainder when 172036112 is divided by 831?
830
Calculate the remainder when 2549016 is divided by 347.
301
What is the remainder when 1531409 is divided by 170010?
1319
What is the remainder when 1495443 is divided by 133?
124
What is the remainder when 70001 is divided by 69545?
456
What is the remainder when 2755842 is divided by 690?
672
Calculate the remainder when 44086 is divided by 4057.
3516
What is the remainder when 9301 is divided by 715?
6
Calculate the remainder when 1004070 is divided by 83672.
6
What is the remainder when 5859433 is divided by 30677?
126
Calculate the remainder when 131910 is divided by 11982.
108
Calculate the remainder when 4878362 is divided by 186.
140
What is the remainder when 208218 is divided by 19?
16
Calculate the remainder when 935763 is divided by 935548.
215
What is the remainder when 288636 is divided by 72129?
120
What is the rem